ultiple of 3?
True
Is 7856 a multiple of 16?
True
Is 2848 a multiple of 8?
True
Is 99 a factor of 27819?
True
Is 301 a multiple of 104?
False
Is 64 a factor of 54174?
False
Is 3587 a multiple of 21?
False
Is 18712 a multiple of 12?
False
Does 11 divide 5544?
True
Does 95 divide 3420?
True
Is 9 a factor of 63736?
False
Does 31 divide 12772?
True
Is 3818 a multiple of 54?
False
Does 20 divide 38160?
True
Is 9 a factor of 23?
False
Is 71796 a multiple of 71?
False
Does 10 divide 419?
False
Is 136 a factor of 9112?
True
Does 25 divide 12280?
False
Does 49 divide 980?
True
Is 41101 a multiple of 8?
False
Does 15 divide 1935?
True
Is 24 a factor of 4402?
False
Does 87 divide 1479?
True
Is 7 a factor of 10626?
True
Is 1299 a multiple of 113?
False
Does 22 divide 1074?
False
Does 13 divide 2366?
True
Is 41 a factor of 2656?
False
Is 480 a multiple of 5?
True
Is 14 a factor of 8806?
True
Is 13 a factor of 949?
True
Is 28 a factor of 22428?
True
Does 16 divide 21?
False
Is 60 a multiple of 6?
True
Is 42 a factor of 588?
True
Is 24080 a multiple of 10?
True
Is 20 a factor of 800?
True
Is 8 a factor of 19980?
False
Does 18 divide 3829?
False
Is 13 a factor of 390?
True
Does 74 divide 2220?
True
Is 80 a multiple of 66?
False
Is 3 a factor of 6108?
True
Is 8 a factor of 81?
False
Is 2420 a multiple of 110?
True
Is 16456 a multiple of 121?
True
Is 29675 a multiple of 36?
False
Does 15 divide 3642?
False
Is 9 a factor of 2792?
False
Does 3 divide 2397?
True
Is 4248 a multiple of 8?
True
Is 6 a factor of 258?
True
Is 8710 a multiple of 5?
True
Does 51 divide 13362?
True
Is 14 a factor of 479?
False
Is 1604 a multiple of 18?
False
Is 61 a factor of 338?
False
Is 581 a multiple of 51?
False
Does 440 divide 88880?
True
Does 12 divide 705?
False
Is 110838 a multiple of 147?
True
Does 43 divide 1204?
True
Is 24265 a multiple of 25?
False
Does 9 divide 689?
False
Is 4 a factor of 3941?
False
Is 22 a factor of 1364?
True
Does 4 divide 56?
True
Does 39 divide 234?
True
Is 41 a factor of 4756?
True
Is 1715 a multiple of 12?
False
Is 680 a multiple of 17?
True
Is 14 a factor of 128?
False
Is 85 a factor of 1201?
False
Is 33 a factor of 33?
True
Is 370 a multiple of 5?
True
Is 37 a factor of 4964?
False
Is 4550 a multiple of 26?
True
Is 8298 a multiple of 14?
False
Is 17 a factor of 2295?
True
Is 407 even?
False
Does 3 divide 1162?
False
Is 45288 a multiple of 34?
True
Is 172 a factor of 47218?
False
Is 90219 a multiple of 51?
True
Is 18336 a multiple of 190?
False
Does 26 divide 4813?
False
Is 2530 a multiple of 90?
False
Is 10 a factor of 13439?
False
Is 352 a multiple of 17?
False
Is 7 a factor of 187?
False
Is 1820 a multiple of 26?
True
Is 14 a factor of 598?
False
Does 6 divide 2305?
False
Does 33 divide 27522?
True
Is 1135 a multiple of 11?
False
Does 166 divide 8466?
True
Is 5 a factor of 1127?
False
Is 23200 a multiple of 5?
True
Is 14948 a multiple of 9?
False
Does 5 divide 29?
False
Does 17 divide 927?
False
Does 38 divide 250?
False
Is 17 a factor of 31501?
True
Is 5 a factor of 209?
False
Does 60 divide 1178?
False
Is 12 a factor of 34006?
False
Is 42735 a multiple of 231?
True
Is 132 a multiple of 6?
True
Is 6620 a multiple of 10?
True
Is 32 a factor of 87334?
False
Is 16 a factor of 7056?
True
Is 35 a multiple of 3?
False
Does 12 divide 26592?
True
Is 12 a factor of 5609?
False
Is 38 a factor of 1475?
False
Does 63 divide 15586?
False
Is 21 a factor of 9450?
True
Is 3 a factor of 33?
True
Is 865 a multiple of 9?
False
Does 198 divide 24659?
False
Is 6872 a multiple of 12?
False
Is 44 a factor of 924?
True
Is 11 a factor of 40282?
True
Is 63 a factor of 6237?
True
Is 8 a factor of 867?
False
Is 25 a factor of 5880?
False
Is 348 a multiple of 51?
False
Is 49 a factor of 1372?
True
Does 28 divide 403?
False
Does 6 divide 249?
False
Is 70 a multiple of 33?
False
Is 3 a factor of 336?
True
Is 11331 a multiple of 3?
True
Is 43 a factor of 3342?
False
Is 4632 a multiple of 13?
False
Is 7 a factor of 557?
False
Is 14 a factor of 24780?
True
Is 62 a factor of 438?
False
Does 218 divide 10464?
True
Is 21 a factor of 13356?
True
Is 9725 a multiple of 22?
False
Is 2680 a multiple of 3?
False
Is 2684 a multiple of 44?
True
Is 36 a factor of 61596?
True
Is 6234 a multiple of 60?
False
Is 15296 a multiple of 12?
False
Does 30 divide 24945?
False
Is 8576 a multiple of 16?
True
Does 190 divide 20520?
True
Does 36 divide 3980?
False
Is 5452 a multiple of 116?
True
Is 4 a factor of 2287?
False
Does 22 divide 61116?
True
Is 481 a factor of 174700?
False
Does 121 divide 94380?
True
Is 2 a factor of 6727?
False
Does 16 divide 3152?
True
Is 16 a factor of 1136?
True
Is 9075 a multiple of 25?
True
Does 202 divide 5858?
True
Does 5 divide 38950?
True
Is 506 a multiple of 22?
True
Is 139 a factor of 57368?
False
Is 86254 a multiple of 14?
True
Does 97 divide 18937?
False
Does 34 divide 960?
False
Is 22 a factor of 638?
True
Is 23 a factor of 11152?
False
Does 63 divide 882?
True
Is 90 a factor of 3126?
False
Is 5 a factor of 32375?
True
Is 475 a multiple of 33?
False
Is 17 a factor of 1194?
False
Is 602 a multiple of 15?
False
Is 15 a factor of 628?
False
Is 23 a factor of 920?
True
Is 18 a factor of 635?
False
Does 18 divide 9974?
False
Is 18906 a multiple of 69?
True
Is 140 a factor of 9520?
True
Is 15 a factor of 21000?
True
Does 63 divide 8946?
True
Does 25 divide 4350?
True
Is 39 a factor of 1014?
True
Is 3 a factor of 3425?
False
Does 112 divide 672?
True
Is 18 a factor of 9054?
True
Does 15 divide 7390?
False
Is 812 a multiple of 14?
True
Is 97 a multiple of 7?
False
Is 17 a factor of 1020?
True
Is 48 a factor of 27056?
False
Does 105 divide 525?
True
Does 6 divide 88?
False
Is 109 a multiple of 3?
False
Does 76 divide 4822?
False
Does 13 divide 1908?
False
Is 157 a factor of 32713?
False
Does 5 divide 145?
True
Does 12 divide 2748?
True
Is 277 a multiple of 12?
False
Does 64 divide 59520?
True
Is 4 a factor of 6?
False
Is 9 a factor of 63288?
True
Is 16 a factor of 500?
False
Is 33 a factor of 10857?
True
Does 17 divide 32215?
True
Is 16560 a multiple of 15?
True
Does 9 divide 1080?
True
Is 25 a factor of 14975?
True
Does 63 divide 19719?
True
Is 82 a factor of 820?
True
Does 32 divide 910?
False
Is 2912 a multiple of 8?
True
Is 30 a factor of 13586?
False
Is 26 a factor of 148364?
False
Is 19 a factor of 323?
True
Is 28 a factor of 5595?
False
Is 220 a multiple of 10?
True
Does 14 divide 5936?
True
Is 963 a multiple of 9?
True
Does 116 divide 6815?
False
Does 7 divide 9450?
True
Is 6 a factor of 119?
False
Does 57 divide 1947?
False
Is 566 a multiple of 70?
False
Is 34662 a multiple of 158?
False
Is 2678 a multiple of 13?
True
Is 62 a factor of 1289?
False
Is 1452 a multiple of 19?
False
Does 9 divide 55098?
True
Is 2 a factor of 57?
False
Is 1917 a multiple of 13?
False
Is 4012 a multiple of 17?
True
Is 769 a multiple of 8?
False
Does 9 divide 1363?
False
Is 1073 a multiple of 20?
False
Does 40 divide 3720?
True
Does 14 divide 228?
False
Is 6226 a multiple of 20?
False
Is 21 a factor of 4752?
False
Does 6 divide 37880?
False
Does 108 divide 65420?
False
Does 26 divide 78?
True
Is 1903 a multiple of 14?
False
Does 23 divide 503?
False
Is 166 even?
True
Is 5 a factor of 5451?
False
Does 147 divide 20176?
False
Is 20806 a multiple of 14?
False
Is 29 a factor of 549?
False
Is 21771 a multiple of 123?
True
Is 180 a factor of 67163?
False
Is 24 a factor of 864?
True
Is 33696 a multiple of 32?
True
Does 34 divide 442?
True
Is 11 a factor of 1595?
True
Is 3 a factor of 7182?
True
Is 12 a factor of 3228?
True
Does 9 divide 888?
False
Is 97 a factor of 487?
False
Is 27 a factor of 15558?
False
Does 13 divide 61198?
False
Is 256 a factor of 13615?
False
Is 3157 a multiple of 28?
False
Is 408 a multiple of 102?
True
Is 100 a multiple of 25?
True
Does 70 divide 490?
True
Does 370 divide 14060?
True
Is 4 a factor of 2830?
False
Is 161 a multiple of 65?
False
Is 49 a factor of 12481?
False
Is 1914 a multiple of 8?
False
Is 35 a factor of 60795?
True
Does 6 divide 2555?
False
Does 21 divide 147?
True
Is 44 a factor of 4358?
False
Is 8 a factor of 2084?
False
Is 684 a multiple of 12?
True
Does 34 divide 2414?
True
Is 10 a factor of 22650?
True
Is 51 a factor of 8619?
True
Is 6153 a m